).
-56
Let d(u) = 3*u**2 - 62*u + 31. Determine d(26).
447
Let j(s) = s**2 + 64*s - 4737. Determine j(44).
15
Let j(s) = -9*s**2 + 36*s + 118. Give j(-3).
-71
Let z(a) = 9*a**2 + 130*a. Give z(-16).
224
Let z(r) = -r**2 - 12*r - 103. What is z(-16)?
-167
Let p(n) = -n**2 - 7*n + 154. What is p(-18)?
-44
Let q(o) = -o**2 - 22*o - 178. Give q(-6).
-82
Let h(u) = u**3 + 7*u**2 - 977*u + 87. Calculate h(-35).
-18
Let n(o) = -4*o**2 - 440*o + 1319. What is n(3)?
-37
Let i(j) = 2*j**3 - 14*j**2 + 21*j - 24. Determine i(4).
-36
Let y(h) = h**3 + 5*h**2 - 226*h - 379. Determine y(-17).
-5
Let i(j) = 196*j + 1008. Determine i(-5).
28
Let y(u) = -14*u**3 - 83*u**2 - u - 12. What is y(-6)?
30
Let a(o) = -643*o - 5751. What is a(-9)?
36
Let n(q) = -21*q**2 - 49*q + 135. Determine n(5).
-635
Let w(q) = -q**2 + 31*q + 56. Calculate w(34).
-46
Let u(j) = j**2 + 3474*j - 20879. Calculate u(6).
1
Let y(f) = -580*f + 6377. What is y(11)?
-3
Let n(p) = 173*p - 101. Give n(1).
72
Let m(w) = -4*w**2 - 27*w + 42. Give m(-14).
-364
Let i(o) = -3*o**3 - 72*o**2 - 177*o + 256. Determine i(-21).
4
Let z(m) = -m**2 + 25*m + 820. What is z(-21)?
-146
Let s(p) = -p**2 + 53*p + 19337. Determine s(-115).
17
Let m(d) = -18*d**2 + 240*d - 50. Determine m(13).
28
Let o(j) = 10*j - 146. Give o(9).
-56
Let v(x) = -69*x + 1854. What is v(27)?
-9
Let s(x) = -10*x**3 - 20*x**2 - 5*x + 24. Give s(1).
-11
Let p(k) = -2*k**2 - 415*k + 623. Determine p(-209).
-4
Let n(k) = -3*k**3 + 110*k**2 + 40*k - 76. Give n(37).
35
Let r(a) = -6*a - 103. Give r(-28).
65
Let a(f) = f**3 - 44*f**2 - 196*f + 82. What is a(48)?
-110
Let m(t) = 2*t**2 - 124*t + 8. Give m(62).
8
Let i(f) = 341*f - 816. Calculate i(3).
207
Let w(h) = -h**3 - 17*h**2 - 74*h + 14. Give w(-7).
42
Let n(a) = -a**3 + 55*a**2 - 259*a + 472. Calculate n(50).
22
Let f(y) = 2*y - 57. Determine f(-70).
-197
Let o(q) = 1423*q + 26909. Calculate o(-19).
-128
Let d(u) = 3*u**3 + 33*u**2 - 41*u - 50. What is d(-12)?
10
Let r(n) = -2*n**3 + 158*n**2 + 163*n - 279. Give r(80).
-39
Let k(w) = w**3 + 14*w**2 + 15*w + 133. Calculate k(-13).
107
Let a(f) = 2681*f + 24136. What is a(-9)?
7
Let i(q) = 2727*q + 32732. Give i(-12).
8
Let c(w) = -2*w**3 + 65*w**2 + 30*w + 73. Calculate c(33).
-26
Let h(p) = -2*p**3 - 7*p**2 - 2*p + 6. Calculate h(-3).
3
Let x(b) = b**3 + 39*b**2 + 367*b - 258. Calculate x(-19).
-11
Let w(r) = 4*r**3 - 133*r**2 - 101*r - 21. What is w(34)?
13
Let x(r) = 2*r**3 - 16*r**2 + 6*r + 81. Give x(10).
541
Let b(h) = -201*h + 12877. What is b(64)?
13
Let w(u) = -591*u - 33686. What is w(-57)?
1
Let o(j) = 11*j**2 - 154*j + 155. Determine o(1).
12
Let p(u) = 119*u - 718. What is p(6)?
-4
Let v(d) = 5*d**3 - 29*d**2 - 7*d - 39. Calculate v(6).
-45
Let r(h) = -7*h**3 - h**2 + h + 30. Determine r(-4).
458
Let t(g) = 44*g**2 - 34*g - 137. Determine t(-4).
703
Let t(h) = -h**3 + 16*h**2 + 4*h + 6. What is t(0)?
6
Let x(k) = 148*k + 2672. What is x(-17)?
156
Let k(u) = 877*u + 24562. Calculate k(-28).
6
Let n(y) = 8*y + 126. Calculate n(10).
206
Let f(n) = -16*n - 746. What is f(-46)?
-10
Let o(t) = t**2 - 122*t + 801. Calculate o(7).
-4
Let c(f) = -4*f**2 - 2*f + 40. Determine c(4).
-32
Let f(j) = j**3 + 5*j**2 - 419*j - 2072. What is f(-5)?
23
Let t(m) = m**3 - 2*m**2 + 21*m - 85. What is t(7)?
307
Let l(j) = -307*j**2 - 4610*j - 67. What is l(-15)?
8
Let i(r) = r**3 - 27*r**2 + 18*r - 3. Calculate i(26).
-211
Let s(j) = 3422*j - 10269. What is s(3)?
-3
Let v(g) = -g**3 + 4*g**2 + 43*g - 271. Give v(6).
-85
Let a(s) = -8*s**2 + 442*s - 3409. Give a(46).
-5
Let y(i) = -2*i**3 - 13*i**2 + 58*i + 580. Determine y(-8).
308
Let t(c) = -96*c + 474. Calculate t(5).
-6
Let q(t) = 29*t**2 + 179*t + 11. Calculate q(-5).
-159
Let q(r) = -r**3 + 14*r**2 - 48*r + 148. Calculate q(10).
68
Let u(g) = -2*g**2 - 431*g - 11738. What is u(-32)?
6
Let g(r) = r**2 + 3*r - 78. What is g(0)?
-78
Let a(o) = o**2 - 23*o - 272. Determine a(-18).
466
Let y(u) = -u**3 - 34*u**2 - 29*u + 2. Calculate y(-1).
-2
Let y(k) = -k**2 - 11862*k + 71209. Determine y(6).
1
Let x(l) = -10*l - 74. What is x(13)?
-204
Let c(b) = b**3 - 35*b**2 + 36*b - 89. Determine c(34).
-21
Let m(j) = -4*j**3 - 18*j**2 + 4*j - 14. What is m(-5)?
16
Let t(j) = -j**3 - 38*j**2 + 34*j - 216. Determine t(-39).
-21
Let t(l) = -78*l - 1636. Calculate t(-21).
2
Let d(p) = -57*p + 976. What is d(17)?
7
Let s(n) = -6*n**2 + 24*n - 52. Give s(3).
-34
Let l(q) = -q**3 + 13*q**2 - 21*q + 115. Determine l(12).
7
Let x(p) = -7*p**3 - 97*p**2 + 15*p + 63. Give x(-14).
49
Let m(b) = -89*b - 404. Calculate m(0).
-404
Let s(w) = -5*w**2 - 196*w - 399. What is s(-2)?
-27
Let p(u) = 20*u + 942. What is p(-46)?
22
Let r(p) = 418*p - 101161. Calculate r(242).
-5
Let p(i) = -2*i**2 + 105*i - 475. What is p(47)?
42
Let z(h) = -2*h**3 + 15*h**2 - 16*h + 1. What is z(7)?
-62
Let r(g) = -219*g + 27. Calculate r(0).
27
Let t(y) = -2*y**3 + 4*y**2 + 133*y - 30. What is t(9)?
33
Let l(m) = 55*m**2 - 1105*m + 84. Give l(20).
-16
Let k(h) = -3*h**2 - 635*h - 2837. Give k(-207).
61
Let u(p) = -113*p - 3732. Calculate u(-33).
-3
Let j(f) = 17*f**2 + 67*f - 21. Give j(-5).
69
Let g(z) = -4*z**2 - 149*z - 7. Determine g(-37).
30
Let c(u) = -168*u**2 + 6550*u + 81. Give c(39).
3
Let h(i) = -351*i - 2474. Calculate h(-7).
-17
Let g(z) = -85*z - 1368. Give g(-16).
-8
Let k(c) = -28*c - 542. Give k(-20).
18
Let z(g) = -3*g**3 + 62*g**2 - 40*g + 40. Give z(20).
40
Let v(k) = 30*k - 427. Determine v(15).
23
Let v(u) = u**2 - 48*u - 335. Determine v(-6).
-11
Let k(j) = j**2 + 8*j - 213. What is k(10)?
-33
Let k(d) = -566*d + 10194. Give k(18).
6
Let r(v) = 212*v - 845. Determine r(5).
215
Let s(q) = 111*q + 340. Determine s(-3).
7
Let q(m) = -101*m - 398. Give q(-4).
6
Let f(d) = d**3 - 6*d**2 - 23*d + 51. Calculate f(8).
-5
Let b(j) = -3179*j - 3167. Give b(-1).
12
Let j(h) = 9*h**2 - 143*h - 35. Calculate j(16).
-19
Let y(t) = -t**2 + 1160*t + 9350. Determine y(-8).
6
Let w(g) = 6*g**2 - 1116*g - 2237. What is w(188)?
19
Let y(m) = -m**2 + 40*m - 117. Determine y(43).
-246
Let x(m) = -2*m**3 - 298*m**2 - 1164*m - 26. What is x(-4)?
-10
Let w(r) = r**3 - 10*r**2 + 13*r - 36. Give w(9).
0
Let j(n) = -5*n**2 - 224*n + 262. Determine j(-46).
-14
Let r(k) = 3*k**3 - 41*k**2 + 26*k - 46. Give r(13).
-46
Let t(v) = 3*v**3 - 2*v - 1. What is t(-2)?
-21
Let m(v) = -v**2 - 69*v + 742. Calculate m(10).
-48
Let m(u) = -5*u**3 + 47*u**2 - 121*u + 17. Give m(5).
-38
Let o(d) = -30*d + 554. Determine o(18).
14
Let m(k) = -k**2 + 2*k - 25. Calculate m(-12).
-193
Let f(d) = 2612*d - 2614. Determine f(1).
-2
Let o(f) = -6*f**3 + 7*f**2 + 27*f + 32. Calculate o(-2).
54
Let a(g) = 10*g**2 + 21*g - 19. Calculate a(1).
12
Let p(m) = m**2 + 33*m - 101. Determine p(-28).
-241
Let i(l) = 141*l - 296. Give i(2).
-14
Let b(n) = -8*n + 184. Calculate b(26).
-24
Let v(u) = -4*u**2 + 516*u + 1044. Calculate v(-2).
-4
Let z(j) = 338*j + 1784. Calculate z(-7).
-582
Let i(k) = -2*k**3 - 26*k**2 + 20*k + 268. Give i(-13).
8
Let n(j) = -j**3 - 63*j**2 + 75*j + 674. Calculate n(-64).
-30
Let a(b) = 953*b - 95301. Give a(100).
-1
Let k(g) = 3*g**3 - 48*g**2 - 25*g - 40. What is k(16)?
-440
Let v(j) = -44*j - 280. What is v(-15)?
380
Let g(w) = 13*w + 168. What is g(-7)?
77
Let w(n) = -180*n - 6469. Determine w(-36).
11
Let m(r) = 243*r + 2035. What is m(-10)?
-395
Let q(u) = -32*u**2 - 211*u - 37. What is q(-7)?
-128
Let z(f) = 47*f - 878. Determine z(16).
-126
Let p(t) = -24*t + 339. Determine p(21).
-165
Let m(t) = -42*t - 143. Calculate m(6).
-395
Let q(j) = -8*j + 40. Calculate q(-4).
72
Let s(r) = r**3 + 7*r**2 - 44*r - 9. Determine s(-11).
-9
Let q(d) = -8*d + 155. Calculate q(18).
11
Let x(q) = -q**3 + 37*q**2 - 157*q - 18. Give x(5).
-3
Let j(n) = -79*n**2 - 5*n - 17. Give j(-2).
-323
Let v(g) = -3*g + 298. Determine v(19).
241
Let y(l) = 17*l - 1855. Determine y(113).
66
Let m(t) = 48*t + 245. Calculate m(-6).
-43
Let r(h) = -h**2 + 427*h - 27494. Determine r(79).
-2
Let x(j) = 88*j + 1486. Calculate x(-17).
-10
Let t(o) = -213*o**2 - 6*o + 7. Calculate t(1).
-212
Let f(n) = 549*n + 2870. What is f(-6)?
-424
Let l(b) = -179*b - 1785. Give l(-10).
5
Let f(v) = -4*v + 113. Give f(41).
-51
Let w(v) = -v**3 + 6*v**2 - 176*v + 1026. Calculate w(6).
-